{"id":106,"date":"2023-07-09T11:50:40","date_gmt":"2023-07-09T11:50:40","guid":{"rendered":"http:\/\/193.194.89.177\/lbeig_wp\/?page_id=106"},"modified":"2023-07-10T21:47:18","modified_gmt":"2023-07-10T21:47:18","slug":"equipe-1-parasites-biodiversite-bioecologie-interactions-hotes-parasites","status":"publish","type":"page","link":"https:\/\/lbeig.usthb.dz\/index.php\/equipe-1-parasites-biodiversite-bioecologie-interactions-hotes-parasites\/","title":{"rendered":"\u00c9quipe 1\u00a0:\u00a0<strong>Parasites\u00a0: Biodiversit\u00e9- Bio\u00e9cologie-Interactions H\u00f4tes-Parasites<\/strong>"},"content":{"rendered":"\n<p><strong>Chef d\u2019\u00e9quipe : Pr. TAZEROUTI FADILA\u00a0<\/strong><\/p>\n\n\n\n<p><strong>Member de l\u2019\u00e9quipe\u00a0<\/strong><\/p>\n\n\n\n<figure class=\"wp-block-table\"><table><tbody><tr><td><strong>HAMZA-YOUSFI FAZIA<\/strong><strong><\/strong><\/td><td><strong>Professeur<\/strong><strong><\/strong><\/td><\/tr><tr><td><strong>BOUTELLIS AMINA<\/strong><strong><\/strong><\/td><td><strong>Professeur<\/strong><strong><\/strong><\/td><\/tr><tr><td><strong>AMINE FAOUZI<\/strong><strong><\/strong><\/td><td><strong>MAA<\/strong><strong><\/strong><\/td><\/tr><tr><td><strong>KOUIDER EL OUAHED-AMINE FAIZA<\/strong><strong><\/strong><\/td><td><strong>MAA<\/strong><strong><\/strong><\/td><\/tr><tr><td><strong>BENYAHIA NOURREDDINE<\/strong><strong><\/strong><\/td><td><strong>MAA<\/strong><strong><\/strong><\/td><\/tr><tr><td><strong>KHEDAM HOUDA<\/strong><strong><\/strong><\/td><td><strong>MAA<\/strong><strong><\/strong><\/td><\/tr><tr><td><strong>KEFIL SABRINA<\/strong><\/td><td><strong>MAA<\/strong><strong><\/strong><\/td><\/tr><tr><td><strong>MEFTAH IMENE<\/strong><\/td><td><strong>MAA<\/strong><strong><\/strong><\/td><\/tr><tr><td><strong>SADAOUI AMEL<\/strong><\/td><td><strong>MAA<\/strong><\/td><\/tr><tr><td><strong>AYADI EOUHOUR EL MOUNA<\/strong><strong><\/strong><\/td><td><strong>MCB<\/strong><strong><\/strong><\/td><\/tr><tr><td><strong>DEROUICHE IMENE<\/strong><\/td><td><strong>Docteu<\/strong><strong>r<\/strong><strong><\/strong><\/td><\/tr><tr><td><strong>CHAOUADI MYLISSA&nbsp;<\/strong><strong><\/strong><\/td><td><strong>MCB<\/strong><strong><\/strong><\/td><\/tr><tr><td><strong>BENMESLEM KARIMA&nbsp;<\/strong><strong><\/strong><\/td><td><strong>MCB<\/strong><strong><\/strong><\/td><\/tr><tr><td><strong>GHARBI KAMILIA<\/strong><\/td><td><strong>Docteu<\/strong><strong>r <\/strong><strong><\/strong><\/td><\/tr><tr><td><strong>ZEDAM FATIMA ZOHR<\/strong><strong>A<\/strong><strong><\/strong><\/td><td><strong>Docto<\/strong><strong>r<\/strong><strong>ante<\/strong><strong><\/strong><\/td><\/tr><tr><td><strong>BOUKADOUM AFFAF&nbsp;&nbsp;<\/strong><\/td><td><strong>Docto<\/strong><strong>r<\/strong><strong>ante<\/strong><strong><\/strong><\/td><\/tr><tr><td><strong>GUILAN&nbsp; ASMA<\/strong><\/td><td><strong>Docto<\/strong><strong>r<\/strong><strong>ante<\/strong><strong><\/strong><\/td><\/tr><tr><td><strong>ABDELBAKI LILIA&nbsp;&nbsp;&nbsp;&nbsp;&nbsp;&nbsp;&nbsp;&nbsp;&nbsp;&nbsp;&nbsp;&nbsp;&nbsp;&nbsp;&nbsp;&nbsp;&nbsp;&nbsp;&nbsp;&nbsp;&nbsp;<\/strong><\/td><td><strong>Docto<\/strong><strong>r<\/strong><strong>ante<\/strong><strong><\/strong><\/td><\/tr><tr><td><strong>SISSOKO MOUSSA<\/strong><\/td><td><strong>Docto<\/strong><strong>r<\/strong><strong>ant<\/strong><\/td><\/tr><tr><td><strong>REBAH AMIRA MERIEM<\/strong><\/td><td><strong>Docto<\/strong><strong>r<\/strong><strong>ante<\/strong><strong><\/strong><\/td><\/tr><tr><td><strong>OMARI SARAH<\/strong><\/td><td><strong>Docto<\/strong><strong>r<\/strong><strong>ante<\/strong><strong><\/strong><\/td><\/tr><tr><td><strong>SEKKAI ASMA<\/strong><\/td><td><strong>Docto<\/strong><strong>r<\/strong><strong>ante<\/strong><strong><\/strong><\/td><\/tr><tr><td><strong>AMARCHE SAIDA<\/strong><\/td><td><strong>Docto<\/strong><strong>r<\/strong><strong>ante<\/strong><strong><\/strong><\/td><\/tr><tr><td><strong>ALI <\/strong><strong>Z<\/strong><strong>OUAOUI MERIEM<\/strong><\/td><td><strong>Docto<\/strong><strong>r<\/strong><strong>ante<\/strong><strong><\/strong><\/td><\/tr><tr><td><strong>&nbsp;<\/strong><\/td><td><strong>Doctorante<\/strong><\/td><\/tr><tr><td><strong>HASSANI AMAL<\/strong><strong><\/strong><\/td><td><strong>Ing\u00e9nieur&nbsp;<\/strong><strong><\/strong><\/td><\/tr><\/tbody><\/table><\/figure>\n","protected":false},"excerpt":{"rendered":"<p>Chef d\u2019\u00e9quipe : Pr. TAZEROUTI FADILA\u00a0 Member de l\u2019\u00e9quipe\u00a0 HAMZA-YOUSFI FAZIA Professeur BOUTELLIS AMINA Professeur AMINE FAOUZI MAA KOUIDER EL OUAHED-AMINE FAIZA MAA BENYAHIA NOURREDDINE MAA KHEDAM HOUDA MAA KEFIL SABRINA MAA MEFTAH IMENE MAA SADAOUI AMEL <span class=\"readmore\"><a href=\"https:\/\/lbeig.usthb.dz\/index.php\/equipe-1-parasites-biodiversite-bioecologie-interactions-hotes-parasites\/\">Continue Reading<\/a><\/span><\/p>\n","protected":false},"author":1,"featured_media":0,"parent":0,"menu_order":0,"comment_status":"closed","ping_status":"closed","template":"","meta":[],"_links":{"self":[{"href":"https:\/\/lbeig.usthb.dz\/index.php\/wp-json\/wp\/v2\/pages\/106"}],"collection":[{"href":"https:\/\/lbeig.usthb.dz\/index.php\/wp-json\/wp\/v2\/pages"}],"about":[{"href":"https:\/\/lbeig.usthb.dz\/index.php\/wp-json\/wp\/v2\/types\/page"}],"author":[{"embeddable":true,"href":"https:\/\/lbeig.usthb.dz\/index.php\/wp-json\/wp\/v2\/users\/1"}],"replies":[{"embeddable":true,"href":"https:\/\/lbeig.usthb.dz\/index.php\/wp-json\/wp\/v2\/comments?post=106"}],"version-history":[{"count":4,"href":"https:\/\/lbeig.usthb.dz\/index.php\/wp-json\/wp\/v2\/pages\/106\/revisions"}],"predecessor-version":[{"id":192,"href":"https:\/\/lbeig.usthb.dz\/index.php\/wp-json\/wp\/v2\/pages\/106\/revisions\/192"}],"wp:attachment":[{"href":"https:\/\/lbeig.usthb.dz\/index.php\/wp-json\/wp\/v2\/media?parent=106"}],"curies":[{"name":"wp","href":"https:\/\/api.w.org\/{rel}","templated":true}]}}